{"id":2,"date":"2020-09-20T23:25:28","date_gmt":"2020-09-20T21:25:28","guid":{"rendered":"http:\/\/dialyse-a-la-maison.com\/?page_id=2"},"modified":"2020-10-08T10:27:57","modified_gmt":"2020-10-08T08:27:57","slug":"a-propos","status":"publish","type":"page","link":"https:\/\/dialyse-a-la-maison.com\/index.php\/a-propos\/","title":{"rendered":"A propos"},"content":{"rendered":"\n<p>Je suis un patient insuffisant r\u00e9nal chronique, h\u00e9modialys\u00e9 \u00e0 domicile depuis pas mal d\u2019ann\u00e9es maintenant. Le peu d\u2019information disponible en ligne sur le sujet et la petite exp\u00e9rience que nous avons accumul\u00e9 \u00e0 la maison me motive aujourd\u2019hui \u00e0 vous mettre \u00e0 disposition des articles traitant entre autre de mon quotidien de dialys\u00e9 \u00e0 domicile (et donc de celui de ma famille).<\/p>\n\n\n\n<p>Nous esp\u00e9rons que ces informations serons utiles \u00e0 beaucoup de monde, je pense notamment aux \u201cjeunes\u201d insuffisants r\u00e9naux qui d\u00e9couvrent leur maladie, aux h\u00e9modialys\u00e9s qui n\u2019ont pas connaissance de la dialyse \u00e0 domicile ou qui aimeraient avoir plus d\u2019informations concr\u00e8tes sur le sujet, mais aussi aux familles et proches des patients qui veulent en savoir plus sur le d\u00e9roul\u00e9 de leur traitement.<\/p>\n\n\n\n<p class=\"has-text-align-right\">Y<\/p>\n","protected":false},"excerpt":{"rendered":"<p>Je suis un patient insuffisant r\u00e9nal chronique, h\u00e9modialys\u00e9 \u00e0 domicile depuis pas mal d\u2019ann\u00e9es maintenant. Le peu d\u2019information disponible en ligne sur le sujet et la petite exp\u00e9rience que nous avons accumul\u00e9 \u00e0 la maison me motive aujourd\u2019hui \u00e0 vous mettre \u00e0 disposition des articles traitant entre autre de mon quotidien de dialys\u00e9 \u00e0 domicile (et donc de celui de ma famille). Nous esp\u00e9rons que ces informations serons utiles \u00e0 beaucoup de monde, je pense&hellip; <\/p>\n","protected":false},"author":1,"featured_media":0,"parent":0,"menu_order":0,"comment_status":"closed","ping_status":"open","template":"","meta":{"footnotes":""},"class_list":["post-2","page","type-page","status-publish","hentry"],"_links":{"self":[{"href":"https:\/\/dialyse-a-la-maison.com\/index.php\/wp-json\/wp\/v2\/pages\/2","targetHints":{"allow":["GET"]}}],"collection":[{"href":"https:\/\/dialyse-a-la-maison.com\/index.php\/wp-json\/wp\/v2\/pages"}],"about":[{"href":"https:\/\/dialyse-a-la-maison.com\/index.php\/wp-json\/wp\/v2\/types\/page"}],"author":[{"embeddable":true,"href":"https:\/\/dialyse-a-la-maison.com\/index.php\/wp-json\/wp\/v2\/users\/1"}],"replies":[{"embeddable":true,"href":"https:\/\/dialyse-a-la-maison.com\/index.php\/wp-json\/wp\/v2\/comments?post=2"}],"version-history":[{"count":2,"href":"https:\/\/dialyse-a-la-maison.com\/index.php\/wp-json\/wp\/v2\/pages\/2\/revisions"}],"predecessor-version":[{"id":103,"href":"https:\/\/dialyse-a-la-maison.com\/index.php\/wp-json\/wp\/v2\/pages\/2\/revisions\/103"}],"wp:attachment":[{"href":"https:\/\/dialyse-a-la-maison.com\/index.php\/wp-json\/wp\/v2\/media?parent=2"}],"curies":[{"name":"wp","href":"https:\/\/api.w.org\/{rel}","templated":true}]}}